 - 17*t - 761. Calculate y(37).
-21
Let j(t) = 3*t**3 - t**2 + t - 162. Give j(0).
-162
Let y(k) = k**2 - 79*k - 11544. Give y(-75).
6
Let x(h) = h**2 + 84*h - 363. Calculate x(5).
82
Let r(w) = 269*w - 2173. Determine r(8).
-21
Let o(m) = -m**3 + 129*m**2 - 248*m - 744. Give o(127).
18
Let r(x) = -2*x**3 - 5*x**2 + 94*x + 18. Determine r(6).
-30
Let c(m) = m**2 - 35*m - 1250. Determine c(57).
4
Let z(r) = -3*r**2 + 223*r + 2159. What is z(83)?
1
Let m(l) = l**2 - 32*l + 274. What is m(18)?
22
Let l(g) = -16*g**2 - 78*g - 27. Determine l(-7).
-265
Let c(f) = -4*f**2 + 183*f - 1770. What is c(14)?
8
Let f(j) = -8*j + 501. Determine f(67).
-35
Let j(n) = -n**3 - 24*n**2 + 259*n + 6217. Give j(-24).
1
Let f(h) = 2*h**2 - 2*h - 220. Calculate f(-12).
92
Let r(f) = 273*f - 52149. Calculate r(191).
-6
Let k(f) = -f**2 - 52*f - 662. Determine k(-31).
-11
Let t(x) = 9*x - 94. Give t(5).
-49
Let a(v) = 14*v**2 + 527*v + 333. Give a(-37).
0
Let i(f) = -11*f**2 - 396*f + 49. What is i(-36)?
49
Let w(k) = 189*k + 523. What is w(-3)?
-44
Let l(n) = -2056*n - 63740. Determine l(-31).
-4
Let g(s) = s**2 - 4*s - 6. What is g(4)?
-6
Let d(c) = c**3 + 16*c**2 + 24*c + 24. Give d(-15).
-111
Let c(a) = -16*a**3 + 4*a**2 + 18*a - 67. Determine c(3).
-409
Let l(i) = -388*i - 13979. Calculate l(-36).
-11
Let f(k) = -5*k**2 - 297*k + 934. Determine f(3).
-2
Let b(d) = -3*d**3 - 103*d**2 - 100*d + 2. What is b(-1)?
2
Let s(r) = -r**2 - 250*r + 3. Calculate s(0).
3
Let x(t) = 2*t**3 - 166*t**2 + 169*t - 413. Give x(82).
-3
Let h(p) = 2*p**2 + 45*p + 4. Determine h(-20).
-96
Let g(s) = 34*s - 3013. What is g(89)?
13
Let x(f) = -3*f**3 + 2*f**2 + 9*f + 6. What is x(6)?
-516
Let u(o) = o**3 + 66*o**2 - 241*o - 2368. What is u(-69)?
-22
Let z(r) = 2*r**3 + 40*r**2 - 16*r - 385. What is z(-20)?
-65
Let s(t) = 2*t**3 - 110*t**2 + 118*t + 93. What is s(54)?
633
Let x(w) = 5*w**2 - 323*w + 922. What is x(3)?
-2
Let x(k) = 89*k**2 - 1507*k - 57. What is x(17)?
45
Let q(g) = g**3 - 12*g**2 - 12*g + 198. What is q(11)?
-55
Let v(o) = 3204*o + 12809. Determine v(-4).
-7
Let y(i) = i**2 - 370*i - 15515. Determine y(-38).
-11
Let x(h) = -247*h**3 - 31*h**2 - 7*h + 6. Determine x(1).
-279
Let m(v) = -v**2 - 152*v - 4244. What is m(-40)?
236
Let m(w) = 3*w**3 - 40*w**2 - 31*w + 35. Give m(14).
-7
Let b(m) = -60*m - 23. Determine b(-4).
217
Let i(n) = -4*n**2 + 141*n + 2464. Determine i(48).
16
Let m(r) = r**3 + 2*r**2 - 2*r - 8. Give m(-2).
-4
Let g(o) = -2934*o - 11734. Calculate g(-4).
2
Let b(w) = 18*w - 19. Give b(-1).
-37
Let b(w) = w**3 + 8*w**2 - 42*w - 39. Calculate b(-13).
-338
Let y(f) = f**2 + 59*f - 174. Determine y(-62).
12
Let z(q) = q**3 - 25*q**2 + 27*q - 35. Determine z(24).
37
Let b(k) = k**3 + 12*k**2 - 7*k + 98. Give b(-13).
20
Let w(t) = -124*t + 17. Determine w(2).
-231
Let k(c) = 642*c + 35959. Calculate k(-56).
7
Let p(j) = -138*j - 408. Determine p(-3).
6
Let u(d) = 23*d**3 + 6*d + 6. Calculate u(-2).
-190
Let g(n) = -71*n - 1489. What is g(-22)?
73
Let s(p) = -64*p - 721. What is s(-11)?
-17
Let k(l) = l**2 - 78*l - 4252. Give k(-37).
3
Let r(k) = 4*k**3 - 112*k**2 + 463*k - 6. Give r(5).
9
Let w(s) = 1383*s**2 + 124472*s + 175. What is w(-90)?
-5
Let s(k) = 10*k - 186. Give s(34).
154
Let g(t) = -3*t**3 + 73*t**2 - 31*t + 175. Determine g(24).
7
Let n(t) = t**3 - 32*t**2 - 109*t + 144. What is n(35)?
4
Let f(o) = -o**2 + 6*o + 44. What is f(6)?
44
Let s(g) = -g**3 + 86*g**2 + 961*g - 90. Determine s(96).
6
Let d(p) = p**3 + 164*p**2 + 332*p + 1022. Calculate d(-162).
-274
Let c(z) = -z**3 + 21*z**2 + z - 82. Give c(21).
-61
Let l(p) = -p**3 - 58*p**2 - 574*p + 1855. Calculate l(-44).
7
Let o(k) = -15*k**2 - 1874*k - 1875. Determine o(-1).
-16
Let u(s) = 90*s - 451. Give u(6).
89
Let s(z) = -z**3 + 68*z**2 + 363*z + 138. Give s(73).
-8
Let g(r) = -r**2 + 98*r - 974. Calculate g(87).
-17
Let h(t) = -2025*t + 3998. Give h(2).
-52
Let z(w) = -w**2 + 26*w + 196. What is z(-6)?
4
Let c(b) = -b**3 - 7*b**2 + 11*b - 13. Calculate c(-9).
50
Let c(b) = 2*b**2 - 31*b + 116. Give c(16).
132
Let j(b) = -32*b - 195. What is j(2)?
-259
Let k(h) = -4*h**3 - 9*h**2 + h - 21. Calculate k(-3).
3
Let h(x) = -141*x - 2683. Determine h(-19).
-4
Let l(c) = -2*c - 1. Give l(20).
-41
Let w(u) = -6*u + 26. Give w(-20).
146
Let z(p) = -989*p + 5952. What is z(6)?
18
Let q(o) = -109*o + 26. Give q(0).
26
Let c(k) = -4*k**2 + 3*k - 7. What is c(4)?
-59
Let l(o) = -181*o - 909. Give l(-5).
-4
Let l(w) = 18*w**3 - 4*w**2 + 10*w - 4. Calculate l(1).
20
Let w(b) = b**3 - 11*b**2 - 3*b + 28. What is w(11)?
-5
Let o(d) = -d**3 - 11*d**2 - 13*d + 21. Calculate o(-9).
-24
Let s(j) = -j**3 + 40*j**2 + 156*j + 14. Determine s(-4).
94
Let z(j) = -6*j**2 - 121*j - 47. What is z(-20)?
-27
Let h(w) = -63*w + 4092. Give h(65).
-3
Let v(u) = -u**3 + 68*u**2 - 71*u + 239. Calculate v(67).
-29
Let z(l) = -646*l - 3883. What is z(-6)?
-7
Let n(t) = 81*t - 3837. What is n(45)?
-192
Let g(h) = -22915*h + 17. Calculate g(0).
17
Let r(j) = 4*j - 1301. What is r(89)?
-945
Let n(i) = -i - 38. Calculate n(-14).
-24
Let y(v) = -215*v - 2. Calculate y(0).
-2
Let x(c) = 4*c**3 - 118*c**2 + 54*c + 109. What is x(29)?
-7
Let o(v) = -6*v + 211. Calculate o(40).
-29
Let k(q) = -2*q**2 - 56*q - 256. Give k(-6).
8
Let r(g) = -12*g + 50. What is r(19)?
-178
Let g(f) = f**3 + 3*f**2 - 15*f + 327. Determine g(-9).
-24
Let f(u) = 2*u**2 + 4*u - 30. What is f(-10)?
130
Let j(z) = -232*z**3 - 16*z**2 - 16*z + 1. Determine j(-1).
233
Let g(l) = 24*l**2 - 817*l + 46. What is g(34)?
12
Let s(k) = 11*k**2 + 266*k - 89. Determine s(-24).
-137
Let v(h) = -8*h**3 + 70*h**2 + 23*h - 44. Determine v(9).
1
Let u(l) = l**3 + 11*l**2 + 12*l - 17. Determine u(-7).
95
Let t(p) = p - 28. Determine t(-2).
-30
Let p(d) = 3*d**2 - 196*d + 249. Determine p(64).
-7
Let h(s) = s**3 + 100*s**2 + 98*s - 94. Calculate h(-99).
5
Let l(t) = -3*t**2 + 199*t - 812. What is l(62)?
-6
Let k(d) = -d**3 - 17*d**2 - 37*d - 632. What is k(-17)?
-3
Let c(w) = w**2 + 20*w - 11569. Give c(-118).
-5
Let w(n) = 48*n + 1069. Give w(-22).
13
Let w(z) = -z**3 + 13*z**2 + 2*z - 42. Calculate w(13).
-16
Let r(s) = 898*s - 11565. What is r(13)?
109
Let g(r) = -7*r - 526. Give g(-75).
-1
Let y(i) = -2*i**3 + 5*i**2 - 37*i + 127. Give y(4).
-69
Let k(m) = m**3 + 198*m**2 + 2405*m - 19. What is k(-185)?
-19
Let w(v) = 10*v**2 + 168*v + 1038. Give w(-6).
390
Let k(x) = 307*x**3 - 2*x + 3. Give k(1).
308
Let l(f) = -204*f - 6118. Give l(-30).
2
Let z(l) = l**3 - 20*l**2 - 46*l + 42. Give z(22).
-2
Let n(w) = -12*w**2 + 119*w - 380. Determine n(6).
-98
Let x(j) = -685*j + 4752. Give x(7).
-43
Let q(l) = -l**2 + 60*l + 664. Calculate q(70).
-36
Let a(s) = 31*s - 55. What is a(1)?
-24
Let k(f) = -f**2 + 283*f - 4192. What is k(15)?
-172
Let i(d) = -d**3 + 61*d**2 - 226*d - 49. What is i(57)?
65
Let t(n) = 2939*n - 38. Give t(0).
-38
Let j(h) = -2*h**2 - 69*h + 193. Determine j(-40).
-247
Let f(k) = -602*k - 7227. What is f(-12)?
-3
Let f(u) = 6*u**3 - 29*u**2 - 37*u + 5. Give f(5).
-155
Let d(q) = 9*q - 99. What is d(22)?
99
Let k(g) = -241*g + 13011. Calculate k(54).
-3
Let x(a) = 54801*a - 328799. Give x(6).
7
Let b(v) = 4*v**3 + 66*v**2 + 76*v - 201. What is b(-15)?
9
Let d(u) = -u**3 - 44*u**2 - 99*u + 76. Calculate d(-3).
4
Let b(w) = w**3 - 8*w**2 - 60*w + 9. Calculate b(-5).
-16
Let z(p) = 18*p - 252. Give z(14).
0
Let q(n) = -n**2 - 327*n - 11226. Give q(-39).
6
Let y(r) = -37*r**3 + 3*r**2 - 11*r + 21. Determine y(2).
-285
Let x(a) = a**3 - 32*a**2 + 61*a - 70. Determine x(30).
-40
Let z(y) = -5*y**2 - 35*y - 1. What is z(-6)?
29
Let l(u) = 3*u**2 - 40*u - 23. What is l(12)?
-71
Let s(k) = -2*k**2 + 28*k - 74. What is s(9)?
16
Let k(a) = a**3 + 6*a**2 - 58*a - 365. Calculate k(-7).
-8
Let f(k) = -76*k - 282. Calculate f(-4).
22
Let g(l) = -l**3 - 142*l**2 + 582*l - 350. Give g(-146).
-58
Let v(y) = -150*y + 15761. Give v(105).
11
Let z(w) = -3*w**2 - 158*w - 651. Give z(-49).
-112
Let v(c) = -c**3 - 171*c**2 - 45*c - 7701. Calculate v(-171).
-6
Let t(l) = -7*l**3 - 181*l**2 + 48*l + 549. Calculate t(-26).
-23
Let a(n) = -2*n**3 - 255*n**2 + 142*n + 1786. What is a(-128)?
-6
Let l(w) = 3*w**3 + 15*w**2 - 39*w + 34. Determine l(-7).
13
Let v(a) = a**3 - 6*a**2 + 34*a